{"version":"1.0","provider_name":"FBCV","provider_url":"https:\/\/www.fbcv.es\/va\/","title":"Lliga Valenciana: Vila-real decidir\u00e1 los campeones FEB","type":"rich","width":600,"height":338,"html":"<blockquote class=\"wp-embedded-content\" data-secret=\"4AfQb3FLEt\"><a href=\"https:\/\/www.fbcv.es\/va\/noticias\/lliga-valenciana-vila-real-decidira-los-campeones-feb\/\">Lliga Valenciana: Vila-real decidir\u00e0 els campions FEB<\/a><\/blockquote><iframe sandbox=\"allow-scripts\" security=\"restricted\" src=\"https:\/\/www.fbcv.es\/va\/noticias\/lliga-valenciana-vila-real-decidira-los-campeones-feb\/embed\/#?secret=4AfQb3FLEt\" width=\"600\" height=\"338\" title=\"&#8220;Lliga Valenciana: Vila-real decidir\u00e1 los campeones FEB&#8221; &#8212; FBCV\" data-secret=\"4AfQb3FLEt\" frameborder=\"0\" marginwidth=\"0\" marginheight=\"0\" scrolling=\"no\" class=\"wp-embedded-content\"><\/iframe><script type=\"text\/javascript\">\n\/* <![CDATA[ *\/\n\/*! This file is auto-generated *\/\n!function(d,l){\"use strict\";l.querySelector&&d.addEventListener&&\"undefined\"!=typeof URL&&(d.wp=d.wp||{},d.wp.receiveEmbedMessage||(d.wp.receiveEmbedMessage=function(e){var t=e.data;if((t||t.secret||t.message||t.value)&&!\/[^a-zA-Z0-9]\/.test(t.secret)){for(var s,r,n,a=l.querySelectorAll('iframe[data-secret=\"'+t.secret+'\"]'),o=l.querySelectorAll('blockquote[data-secret=\"'+t.secret+'\"]'),c=new RegExp(\"^https?:$\",\"i\"),i=0;i<o.length;i++)o[i].style.display=\"none\";for(i=0;i<a.length;i++)s=a[i],e.source===s.contentWindow&&(s.removeAttribute(\"style\"),\"height\"===t.message?(1e3<(r=parseInt(t.value,10))?r=1e3:~~r<200&&(r=200),s.height=r):\"link\"===t.message&&(r=new URL(s.getAttribute(\"src\")),n=new URL(t.value),c.test(n.protocol))&&n.host===r.host&&l.activeElement===s&&(d.top.location.href=t.value))}},d.addEventListener(\"message\",d.wp.receiveEmbedMessage,!1),l.addEventListener(\"DOMContentLoaded\",function(){for(var e,t,s=l.querySelectorAll(\"iframe.wp-embedded-content\"),r=0;r<s.length;r++)(t=(e=s[r]).getAttribute(\"data-secret\"))||(t=Math.random().toString(36).substring(2,12),e.src+=\"#?secret=\"+t,e.setAttribute(\"data-secret\",t)),e.contentWindow.postMessage({message:\"ready\",secret:t},\"*\")},!1)))}(window,document);\n\/* ]]> *\/\n<\/script>","thumbnail_url":"https:\/\/www.fbcv.es\/wp-content\/uploads\/2026\/09\/lv-vila.jpg","thumbnail_width":2362,"thumbnail_height":1539,"description":"Tras el acuerdo alcanzado entre la FBCV y el Ayuntamiento de Vila-real, el Centro de Tecnificaci\u00f3n Deportiva de Vila-real ser\u00e1 este a\u00f1o el escenario de las Finales de la Lliga Valenciana en las categor\u00edas FEB, una cita que no hay que perderse al tratarse del primer t\u00edtulo oficial de la temporada de baloncesto en la [&hellip;]"}

Lliga Valenciana: Vila-real decidirá los campeones FEB

<blockquote class="wp-embedded-content" data-secret="4AfQb3FLEt"><a href="https://www.fbcv.es/va/noticias/lliga-valenciana-vila-real-decidira-los-campeones-feb/">Lliga Valenciana: Vila-real decidirà els campions FEB</a></blockquote><iframe sandbox="allow-scripts" security="restricted" src="https://www.fbcv.es/va/noticias/lliga-valenciana-vila-real-decidira-los-campeones-feb/embed/#?secret=4AfQb3FLEt" width="600" height="338" title="&#8220;Lliga Valenciana: Vila-real decidirá los campeones FEB&#8221; &#8212; FBCV" data-secret="4AfQb3FLEt" frameborder="0" marginwidth="0" marginheight="0" scrolling="no" class="wp-embedded-content"></iframe><script type="text/javascript">
/* <![CDATA[ */
/*! This file is auto-generated */
!function(d,l){"use strict";l.querySelector&&d.addEventListener&&"undefined"!=typeof URL&&(d.wp=d.wp||{},d.wp.receiveEmbedMessage||(d.wp.receiveEmbedMessage=function(e){var t=e.data;if((t||t.secret||t.message||t.value)&&!/[^a-zA-Z0-9]/.test(t.secret)){for(var s,r,n,a=l.querySelectorAll('iframe[data-secret="'+t.secret+'"]'),o=l.querySelectorAll('blockquote[data-secret="'+t.secret+'"]'),c=new RegExp("^https?:$","i"),i=0;i<o.length;i++)o[i].style.display="none";for(i=0;i<a.length;i++)s=a[i],e.source===s.contentWindow&&(s.removeAttribute("style"),"height"===t.message?(1e3<(r=parseInt(t.value,10))?r=1e3:~~r<200&&(r=200),s.height=r):"link"===t.message&&(r=new URL(s.getAttribute("src")),n=new URL(t.value),c.test(n.protocol))&&n.host===r.host&&l.activeElement===s&&(d.top.location.href=t.value))}},d.addEventListener("message",d.wp.receiveEmbedMessage,!1),l.addEventListener("DOMContentLoaded",function(){for(var e,t,s=l.querySelectorAll("iframe.wp-embedded-content"),r=0;r<s.length;r++)(t=(e=s[r]).getAttribute("data-secret"))||(t=Math.random().toString(36).substring(2,12),e.src+="#?secret="+t,e.setAttribute("data-secret",t)),e.contentWindow.postMessage({message:"ready",secret:t},"*")},!1)))}(window,document);
/* ]]> */
</script>

Tras el acuerdo alcanzado entre la FBCV y el Ayuntamiento de Vila-real, el Centro de Tecnificación Deportiva de Vila-real será este año el escenario de las Finales de la Lliga Valenciana en las categorías FEB, una cita que no hay que perderse al tratarse del primer título oficial de la temporada de baloncesto en la [&hellip;]
